f 312711631?
1
What is the thousands digit of 5070415821?
5
What is the tens digit of 3869258?
5
What is the thousands digit of 40924614?
4
What is the thousands digit of 147105681?
5
What is the millions digit of 509688351?
9
What is the hundreds digit of 591309544?
5
What is the tens digit of 32588345?
4
What is the thousands digit of 887885442?
5
What is the hundred thousands digit of 226933400?
9
What is the thousands digit of 71871220?
1
What is the ten millions digit of 38145099?
3
What is the millions digit of 512952208?
2
What is the tens digit of 273400081?
8
What is the tens digit of 3567104898?
9
What is the thousands digit of 675873336?
3
What is the ten thousands digit of 167694547?
9
What is the ten thousands digit of 935288?
3
What is the thousands digit of 118224979?
4
What is the units digit of 28909709?
9
What is the millions digit of 521257298?
1
What is the ten millions digit of 12186363?
1
What is the millions digit of 330990281?
0
What is the tens digit of 220004296?
9
What is the hundreds digit of 144044677?
6
What is the tens digit of 11505308?
0
What is the thousands digit of 157574155?
4
What is the ten thousands digit of 105645742?
4
What is the thousands digit of 99226929?
6
What is the ten millions digit of 4116247806?
1
What is the ten thousands digit of 622725725?
2
What is the ten thousands digit of 129714340?
1
What is the units digit of 775861273?
3
What is the millions digit of 156505767?
6
What is the ten millions digit of 461172218?
6
What is the tens digit of 1550449223?
2
What is the ten thousands digit of 3815631894?
3
What is the ten thousands digit of 233150727?
5
What is the tens digit of 158385574?
7
What is the units digit of 120326821?
1
What is the millions digit of 55608394?
5
What is the hundreds digit of 2921096195?
1
What is the hundred thousands digit of 107431937?
4
What is the hundred thousands digit of 15369770?
3
What is the millions digit of 448533117?
8
What is the tens digit of 159611691?
9
What is the hundred thousands digit of 121941289?
9
What is the hundreds digit of 24727849?
8
What is the ten millions digit of 87499977?
8
What is the thousands digit of 4510979532?
9
What is the hundred thousands digit of 1084412465?
4
What is the hundreds digit of 52113710?
7
What is the hundred thousands digit of 2213809554?
8
What is the ten thousands digit of 142087992?
8
What is the thousands digit of 257437651?
7
What is the thousands digit of 121840080?
0
What is the billions digit of 3992227026?
3
What is the thousands digit of 213382655?
2
What is the units digit of 243556507?
7
What is the hundred millions digit of 4714019539?
7
What is the units digit of 637328369?
9
What is the units digit of 19848327?
7
What is the millions digit of 282858894?
2
What is the millions digit of 3104925593?
4
What is the hundred millions digit of 303373673?
3
What is the hundreds digit of 20558409?
4
What is the hundred thousands digit of 258190981?
1
What is the ten thousands digit of 305359233?
5
What is the hundreds digit of 308292070?
0
What is the thousands digit of 82644945?
4
What is the tens digit of 42623865?
6
What is the hundred thousands digit of 2532032463?
0
What is the ten millions digit of 226032857?
2
What is the units digit of 41503960?
0
What is the hundreds digit of 1570277436?
4
What is the ten millions digit of 282085144?
8
What is the millions digit of 1725611459?
5
What is the tens digit of 72637133?
3
What is the hundred thousands digit of 195222843?
2
What is the ten millions digit of 708145092?
0
What is the units digit of 78757685?
5
What is the ten thousands digit of 1619300477?
0
What is the thousands digit of 1886668785?
8
What is the hundred thousands digit of 157558590?
5
What is the units digit of 621491268?
8
What is the ten thousands digit of 1833976416?
7
What is the units digit of 1307113424?
4
What is the tens digit of 196742627?
2
What is the tens digit of 375702954?
5
What is the ten millions digit of 299895302?
9
What is the hundreds digit of 271586122?
1
What is the units digit of 21646272?
2
What is the tens digit of 3058330567?
6
What is the millions digit of 52371880?
2
What is the tens digit of 74297173?
7
What is the thousands digit of 533842869?
2
What is the thousands digit of 1298225472?
5
What is the thousands digit of 175847382?
7
What is the ten millions digit of 1585759938?
8
What is the hundred thousands digit of 397686175?
6
What is the ten millions digit of 638060388?
3
What is the units digit of 2237445524?
4
What is the ten thousands digit of 608584601?
8
What is the ten millions digit of 2104941078?
0
What is the tens digit of 8115405?
0
What is the tens digit of 220877590?
9
What is the thousands digit of 8204434?
4
What is the thousands digit of 108328284?
8
What is the ten millions digit of 3192667253?
9
What is the hundred millions digit of 1801869715?
8
What is the units digit of 14840835?
5
What is the tens digit of 115438418?
1
What is the ten millions digit of 62722504?
6
What is the tens digit of 30209791?
9
What is the hundred thousands digit of 76415452?
4
What is the ten thousands digit of 1095349157?
4
What is the millions digit of 271308341?
1
What is the ten millions digit of 86851556?
8
What is the billions digit of 3126426836?
3
What is the thousands digit of 499757811?
7
What is the millions digit of 4645728398?
5
What is the hundred thousands digit of 84186550?
1
What is the units digit of 1936662643?
3
What is the thousands digit of 63048607?
8
What is the hundreds digit of 32994795?
7
What is the ten millions digit of 134405713?
3
What is the hundreds digit of 19352662?
6
What is the ten millions digit of 3960269731?
6
What is the thousands digit of 3643753661?
3
What is the ten millions digit of 36825673?
3
What is the hundred thousands digit of 45002620?
0
What is the hundreds digit of 981409000?
0
What is the ten millions digit of 2817664860?
1
What is the hundred thousands digit of 574562230?
5
What is the ten thousands digit of 86910504?
1
What is the units digit of 1495765840?
0
What is the ten thousands digit of 5281964?
8
What is the millions digit of 632930221?
2
What is the hundred millions digit of 134648490?
1
What is the hundreds digit of 4872714?
7
What is the tens digit of 42435160?
6
What is the hundred millions digit of 1310536349?
3
What is the units digit of 463172552?
2
What is the tens digit of 85080071?
7
What is the hundreds digit of 1864027158?
1
What is the hundred thousands digit of 1308183497?
1
What is the hundred millions digit of 714499330?
7
What is the hundreds digit of 61092544?
5
What is the tens digit of 8981772?
7
What is the hundred millions digit of 636288737?
6
What is the hundreds digit of 999626057?
0
What is the ten millions digit of 383220534?
8
What is the millions digit of 36203144?
6
What is the hundreds digit of 52220991?
9
What is the ten millions digit of 561206240?
6
What is the hundred thousands digit of 3203689790?
6
What is the hundreds digit of 840421221?
2
What is the tens digit of 753454394?
9
What is the hundred thousands digit of 38193613?
1
What is the ten millions digit of 107418165?
0
What is the hundred thousands digit of 2108639?
1
What is the thousands digit of 5225159714?
9
What is the units digit of 24184297?
7
What is the ten thousands digit of 2886638?
8
What is the hundreds digit of 1174792639?
6
What is the hundred thousands digit of 149436279?
4
What is the hundreds digit of 61406001?
0
What is the hundred millions digit of 1904175210?
9
What is the thousands digit of 349354593?
4
What is the millions digit of 937564955?
7
What is the units digit of 29840459?
9
What is the hundred millions digit of 596767052?
5
What is the ten thousands digit of 2190522062?
2
What is the ten thousands digit of 907728505?
2
What is the hundred thousands digit of 48959610?
9
What is the hundreds digit of 851411024?
0
What is the ten thousands digit of 87388226?
8
What is the hundreds digit of 2123390218?
2
What is the hundreds digit of 517405569?
5
What is the tens digit of 50427045?
4
What is the millions digit of 124703701?
4
What is the billions digit of 1716547585?
1
What is the thousands digit of 1007434961?
4
What is the hundreds digit of 1012641354?
3
What is th